e u(-6). Let j(p) = p - 8. Let y be j(5). Let q be t/(-9)*y/2. Calculate v(q).
2
Let q(v) = -2*v + 19. Let y be q(8). Let w(g) = -g**3 + 4*g**2 - 4*g + 2. Determine w(y).
-1
Suppose 2 = -4*f + 6. Suppose -2*m + 6 = -0. Let h(x) = -2*x - m - 1 + 6*x + 3. Calculate h(f).
3
Let z(t) be the first derivative of t**4/4 - 4*t**3/3 - 7*t**2/2 + t + 15. Determine z(5).
-9
Let t(i) = 2*i**2 + 26*i + 23. Let k be t(-12). Let j(a) = 4*a - 1. Calculate j(k).
-5
Let l be -3 - ((-2)/1 + (-3 - 0)). Let x(p) = 4*p**2 - 3*p + 1. Calculate x(l).
11
Let d = -12 + 13. Let m(n) be the second derivative of -11*n**3/6 - n. What is m(d)?
-11
Let g(v) = 12*v + 10. Let p(x) = -8*x - 7. Let f(c) = -5*g(c) - 7*p(c). Determine f(3).
-13
Let z(c) = 2*c**3 + c**2 - c - 2. Let w be (21/(-6))/(-7)*-4. What is z(w)?
-12
Let y(b) = b**2 + 5*b + 6. Let d be y(-4). Suppose -2*n = d*n. Suppose n*w = -3*w + 12. Let z(c) = -c**3 + 3*c**2 + 6*c - 2. What is z(w)?
6
Let b(s) be the third derivative of -s**5/60 + 5*s**4/24 - 2*s**3/3 + 23*s**2. Let d(r) = -r + 5. Let p be d(0). Give b(p).
-4
Suppose 4*v - 4*g = -24, 4*v + g + 15 = -9. Let b(i) = -i**2 - 8*i - 8. Give b(v).
4
Let o(a) = -a. Suppose -4*k + 2*k = -2. Let q(g) = -3*g + 1. Let l(n) = k*q(n) + 3*o(n). What is l(1)?
-5
Let r(b) = -9*b**2 + 1. Let q(f) be the second derivative of -f**4/12 + 7*f**3/6 - 3*f**2 - 2*f. Let t be q(6). Let j be -1 + 4/2 + t. Calculate r(j).
-8
Let n(r) be the first derivative of 2*r - 2 + 1/6*r**3 - 4*r**2. Let m(v) be the first derivative of n(v). Determine m(5).
-3
Let o(p) = p - 7. Let q be o(9). Suppose -u + 3*u = 3*v - 4, q*u = -4*v + 10. Let b(r) = -2*r**3 + 2*r**2 + 3*r - 3. Calculate b(v).
-5
Let f(c) = c - 2. Suppose t + 4 = -0*t. Let o(j) = -2*j + 3. Let l(n) = t*o(n) - 5*f(n). Give l(6).
16
Let m(o) = o**3 - 5*o**2 + 2*o - 7. Let d = -5 + 6. Suppose -2*f + 11 = -4*q + d, -2*f = q - 10. Determine m(f).
3
Let p(f) = -f - 1. Let r(o) = o - 6. Let s be r(8). Suppose -2*j + 3*j + s = 0. Let b(d) = -d - 6. Let m(g) = j*p(g) + b(g). Calculate m(5).
1
Suppose 0 = 9*d - 12*d - 3*l + 18, -18 = 2*d - 4*l. Let g(t) = -4*t**3 - t. Give g(d).
-5
Let h be 3 - -2*10/(-4). Let o(v) = 3*v + 2. Give o(h).
-4
Let v(n) be the second derivative of -n**4/12 + 5*n**3/6 - 3*n**2/2 + 13*n. Determine v(6).
-9
Let d(u) be the first derivative of u**2/2 + 16*u + 6. Calculate d(-7).
9
Let f = -2 + 2. Let w(p) = 2*p - p**3 - p - 2 - p**2 - 1. Give w(f).
-3
Let n(j) = j - 3. Let a be n(8). Let s(k) = -2 + 6 + k - a. Determine s(-5).
-6
Let n = -30 - -30. Suppose -4*i - 10 = -h + 8, 2*h - 4*i = 20. Let y = h + n. Let z(b) = 2*b**3 - 2*b**2 - b + 2. Give z(y).
8
Let n(o) = -o**2 - 7*o - 1. Suppose -t + 6 = -2*t. What is n(t)?
5
Let z be 21/(-2)*4/(-6). Let b(i) = z*i**2 + 0 + 5*i + i**3 + 0 - 4. What is b(-6)?
2
Let b(w) = -w**2 - 1. Suppose 0*y + 4*y = 8. Suppose i - y*x = -10, 0 = 4*i + x - 0*x + 4. Let h be i + 0 + -2 + 3. Determine b(h).
-2
Let z be 5 - (0 + 0/(-2)). Suppose -a = -z, -7*v + 2*v - 4*a = -25. Let y(w) = -3*w**3 - w**2 + w. Determine y(v).
-3
Let k(m) be the third derivative of -m**4/24 + m**3/2 + 2*m**2. Suppose -4*l - 33 - 27 = 0. Let r = l - -20. What is k(r)?
-2
Suppose 0 = a - 5*n - 8, -5*n - 10 = -5. Let z(o) be the first derivative of -2*o**3 + 1/2*o**2 + o - a. What is z(-1)?
-6
Let n(u) = u**2 - 4*u - 3. Suppose -5*l - 28 = 12. Let r = l + 2. Let a = r + 9. Determine n(a).
-6
Let a(g) be the third derivative of g**5/60 + g**4/6 - g**3/3 + 15*g**2. Let w(t) = t**2 + 3*t + 1. Let o be w(-1). Let f be o*(-6 + 1)/(-1). Calculate a(f).
3
Let u(z) = -z**2 - 16*z - 1. Let s be u(-17). Let j be (-57)/s - (-1)/(-6). Let p(q) = q**3 - 2*q**2 - 3*q + 2. Determine p(j).
2
Let k(b) = 3*b**3 + 8*b**2 - 7*b - 4. Let t(q) = 4*q**3 + 9*q**2 - 8*q - 5. Let c(w) = -5*k(w) + 4*t(w). What is c(2)?
-2
Suppose x + 1 = 0, -2*x + 6 = 4*q - 0*q. Let i(h) = -h - h + 4 - q. Give i(3).
-4
Let n(h) = -1. Let p(s) = -4. Let v(f) = -3*n(f) + p(f). Let t(d) = d - 14. Let r(o) = -t(o) + 2*v(o). Give r(6).
6
Let v(j) = -2 + 0 + 5*j - j**2 - 3*j. Let a be 51/18 + (-11)/(-66). Give v(a).
-5
Suppose 0 = -0*s + 2*s - 2. Suppose -3*f + 2*f + s = 0. Let p be 1 + (2 - 1 - f). Let n(g) = 5*g**2 + 2*g - 1. Determine n(p).
6
Let h(j) = -9*j**2 + j + 2. Let u(n) = -n**2 + n + 1. Let m(z) = -h(z) + 2*u(z). Suppose -3*y - 2*w - 11 = 0, -3*w = y + 7 + 6. Determine m(y).
6
Let u(w) be the third derivative of -w**6/120 - w**5/20 - w**3/2 + 2*w**2. Give u(-3).
-3
Let x(w) = w + 1. Let r(o) = 4*o - 5. Let u(q) = r(q) + 4*x(q). Calculate u(1).
7
Let w(y) = 0 + y + y + 3. Suppose 4*x - 2*a - 3 = 39, -2*a = -6. Let d be (x/(-8))/(3/8). Determine w(d).
-5
Let s(c) = -11*c**2 + 4*c + 9. Let i(b) = -16*b**2 + 6*b + 13. Let d(m) = -5*i(m) + 7*s(m). Give d(-2).
14
Let c = 7 + -10. Let l(h) = -h**3 - 1. Let f(q) = 2*q**3 - q**2 - q + 5. Let o(y) = c*l(y) - f(y). Calculate o(0).
-2
Let r(q) be the second derivative of 1/120*q**5 - q + 0*q**2 + 0 + 1/6*q**3 - 3/8*q**4. Let f(s) be the second derivative of r(s). What is f(4)?
-5
Let r(i) = 13*i - 5. Let z(n) = 6*n - 2. Let p(m) = -4*r(m) + 9*z(m). Calculate p(-3).
-4
Let y(p) = 3*p**3 - p**2 - p. Let g be 1/(-15)*-3*-5. What is y(g)?
-3
Suppose -8*l + 92 - 20 = 0. Let z(c) = c - 6. What is z(l)?
3
Let g = 19 + -4. Suppose 0*k - 3*k = -g. Let w(d) = -2*d - 11. Let y(z) = -z - 11. Let q(b) = 2*w(b) - 3*y(b). Determine q(k).
6
Let i(b) be the third derivative of -b**4/3 - 3*b**2. Let z(u) be the first derivative of u**2/2 + 5*u - 1. Let v be z(-4). What is i(v)?
-8
Suppose -3*m + 0*m = -12. Suppose 0 = 4*l + c, -3*l = -0*l + m*c. Suppose l = -0*t + 3*t + 12. Let j(a) = a**3 + 5*a**2 + 5*a + 4. Give j(t).
0
Suppose 2 = -v - 2*t - 2, 0 = -2*t. Let n(w) = 3*w + 1. Calculate n(v).
-11
Let z(i) be the second derivative of -i**3/3 - 2*i**2 - 8*i. Calculate z(-6).
8
Suppose -3*r + 19 - 4 = 0. Let l(q) = q**2 - 6*q + 3. Calculate l(r).
-2
Let f = 4 - 3. Let v(w) = 4*w + 2*w**2 + 2*w**2 + w**2 + w**3 - f. Let o be (2 - 0 - 2) + -4. Calculate v(o).
-1
Suppose -5*g = s - 40, -2*s = 2*s. Let k be (28/16)/((-2)/(-8)). Let p(h) = -3*h**2 - h**2 + g*h + k + 0*h**2 - h**3. Determine p(-5).
-8
Let z be 3 - -2 - (-1 + 2). Let i(w) = -w**3 + 5*w**2 - 7*w + 6. What is i(z)?
-6
Let p(a) = -a**2 - 6. Let q = 0 - -3. Let i(x) be the second derivative of -5*x**2/2 + 2*x. Let c(n) = q*p(n) - 4*i(n). Give c(-2).
-10
Suppose -5*u - 10 = 5*k, 2*k + 8 + 3 = 5*u. Let i = 1 + k. Let y(v) = v**3 + 4*v**2 + 3*v + 1. Determine y(i).
3
Let m(a) = a**3 + 5*a**2 + 2*a + 6. Let l be m(-5). Let d(y) be the third derivative of -2*y**2 - 5/24*y**4 + 1/6*y**3 - 1/60*y**5 + 0 + 0*y. Give d(l).
5
Let s(o) = 2*o - 1. Let t(q) = -q**2 + q. Let z(l) = s(l) - t(l). Let u(r) = -5 + 4*r**2 - 3*r + 2*r - r. Let b(a) = u(a) - 3*z(a). Determine b(4).
-6
Let g(t) = -t - 12. Let o(a) = -3*a - 36. Let x(h) = -7*g(h) + 2*o(h). Let y(i) = -i**2 + 6*i + 7. Let d be y(7). What is x(d)?
12
Let i(q) be the first derivative of -q**2/2 - 3*q - 8. What is i(4)?
-7
Let k(c) = -c**3 + 3*c**2 - 3*c + 2. Let o = 5 - 5. Suppose -5*j + 3*v = 2, -v + 14 + o = 5*j. Give k(j).
0
Let n(f) = 8*f + 9 + f**2 - 3*f**2 - f**3 - 3*f**2. Suppose -3*b + 1 = 3*g + 13, -5*g + 4 = b. Give n(b).
-3
Let f(n) = -n**3 - 6*n**2 + n + 8. Let q = 99 + -105. Determine f(q).
2
Let b(a) = a**2 - 5*a + 5. Let z be b(5). Suppose 4*s + 3*t = -0*t - 22, z*s + 4*t = -28. Let i(f) = f + 2. Give i(s).
-2
Let v(i) be the second derivative of i**4/12 - i**3/6 - 3*i**2/2 - 16*i. Give v(0).
-3
Let u(a) = a**2 + 2*a. Suppose -6*p + 10*p - 8 = 0. What is u(p)?
8
Let f(y) = 5*y - 2. Let r(b) = -3. Let z(i) = i. Let u(m) = r(m) + 9*z(m). Let n(p) = -5*f(p) + 3*u(p). Calculate n(2).
5
Suppose 8*o = o - 56. Let w(m) = m + 11. What is w(o)?
3
Let d(q) = q**3 + 4*q**2 + q. Suppose -8*v - 15 - 9 = 0. Determine d(v).
6
Let b = 5 - 2. Let i(k) = k**2 - 4*k + 2. What is i(b)?
-1
Let f(c) be the third derivative of 5*c**4/12 - c**3/6 - 61*c**2. Give f(-2).
-21
Let x(g) = 2*g**3 - 10*g**2 - g + 10. Suppose 2*f + 4*u + 24 = 0, 2*u = 3*f + 3 - 7. Let m(v) = -v**3 + 5*v**2 - 5. Let o(y) = f*x(y) - 5*m(y). Determine o(4).
-3
Let o(a) be the second derivative of -a**5/20 - 3*a**4/4 - 7*a**3/6 - 9*a**2/2 - 6*a. What is o(-8)?
-17
Le